r of 98125319 and 11859.
3953
What is the greatest common divisor of 282572836 and 47?
47
Calculate the greatest common divisor of 27750 and 447330.
1110
What is the highest common factor of 8 and 44688364?
4
Calculate the greatest common divisor of 2860 and 89310.
130
What is the greatest common divisor of 6755551 and 14408?
1801
Calculate the highest common divisor of 1044982 and 598.
46
What is the highest common divisor of 2249869929 and 326?
163
Calculate the highest common factor of 6776 and 2059596.
308
Calculate the greatest common factor of 6464918 and 17478.
1942
Calculate the greatest common factor of 1209240 and 4980.
60
Calculate the highest common factor of 11088 and 1380357.
99
Calculate the greatest common divisor of 609685328 and 14.
14
What is the greatest common divisor of 2180474 and 3798?
422
What is the highest common divisor of 5893778 and 110?
22
What is the greatest common factor of 1983 and 67344663?
1983
What is the highest common factor of 86 and 68864672?
86
Calculate the highest common factor of 549890 and 6270.
110
Calculate the greatest common divisor of 14656 and 63638642.
458
What is the greatest common divisor of 8908 and 5821378?
4454
What is the highest common factor of 5145 and 278959842?
1029
What is the highest common divisor of 179766 and 103140?
54
What is the highest common factor of 188490356 and 4?
4
What is the highest common factor of 1064074 and 4114?
242
Calculate the greatest common factor of 8117536 and 78120.
1736
What is the greatest common divisor of 16616430 and 225?
45
Calculate the greatest common factor of 9836 and 396442439.
2459
What is the greatest common factor of 475884 and 180?
36
Calculate the highest common divisor of 5331725 and 1925.
175
Calculate the greatest common divisor of 215553636 and 1944.
972
Calculate the highest common factor of 123622 and 45426.
226
Calculate the highest common factor of 54096 and 16562.
98
Calculate the greatest common divisor of 435369850 and 2950.
2950
Calculate the greatest common factor of 14057329 and 299.
13
What is the greatest common divisor of 44826 and 44144?
62
What is the greatest common factor of 295900082 and 1954?
1954
What is the greatest common divisor of 280 and 12985350?
70
What is the highest common divisor of 4224 and 10516990?
22
Calculate the greatest common factor of 281 and 94580947.
281
What is the greatest common divisor of 624 and 22914888?
24
What is the highest common factor of 10350803 and 5193?
577
Calculate the highest common divisor of 2125 and 7441325.
425
Calculate the greatest common factor of 6 and 33517641.
3
Calculate the greatest common factor of 17119 and 1739089.
1007
What is the greatest common divisor of 1057 and 63656617?
151
What is the highest common divisor of 10896822 and 3730?
746
What is the highest common divisor of 4 and 21576334?
2
Calculate the greatest common factor of 435708 and 478044.
1764
Calculate the highest common divisor of 2408424 and 5304.
408
What is the highest common divisor of 92294369 and 1253?
179
Calculate the greatest common divisor of 903239066 and 2428.
1214
What is the greatest common divisor of 37274944 and 160?
32
What is the greatest common factor of 828 and 4480929?
207
What is the greatest common factor of 4 and 907576?
4
Calculate the highest common divisor of 4983 and 19561597.
1661
Calculate the greatest common factor of 5985 and 8889435.
855
What is the greatest common divisor of 325853554 and 104?
26
Calculate the highest common factor of 3138051 and 12775.
511
What is the greatest common factor of 45662 and 458042?
158
Calculate the greatest common divisor of 4128 and 1167536.
688
What is the greatest common factor of 24 and 109181532?
12
Calculate the highest common divisor of 4329197 and 86.
43
What is the greatest common factor of 31979361 and 3231?
1077
Calculate the highest common factor of 1413935 and 1180.
295
What is the greatest common divisor of 15824 and 4206217?
989
Calculate the greatest common factor of 251266306 and 46.
46
What is the greatest common divisor of 74083 and 7971975?
3221
Calculate the highest common factor of 3329 and 316800956.
3329
Calculate the highest common divisor of 590 and 94222941.
59
Calculate the greatest common divisor of 45331472 and 39493.
541
Calculate the greatest common factor of 142582 and 11506.
22
Calculate the highest common factor of 1331102 and 715810.
3046
What is the greatest common factor of 63852 and 34170?
102
Calculate the greatest common factor of 1020 and 3947060.
340
Calculate the greatest common divisor of 336 and 17801994.
42
Calculate the highest common divisor of 7482267 and 2673.
27
Calculate the greatest common factor of 973832 and 6775258.
5938
Calculate the highest common divisor of 141 and 2762082511.
47
What is the highest common factor of 12218 and 567243?
149
What is the greatest common divisor of 218881 and 4565509?
1937
Calculate the greatest common factor of 535 and 12751511.
107
What is the greatest common divisor of 2990018 and 2?
2
Calculate the highest common factor of 130 and 53411865.
65
What is the greatest common divisor of 64133555 and 1795?
1795
What is the greatest common factor of 4859925 and 2625?
525
Calculate the highest common factor of 38445 and 144375.
165
Calculate the highest common divisor of 9 and 134427780.
9
Calculate the highest common divisor of 20050901 and 13.
13
What is the highest common divisor of 1804495 and 2180?
545
Calculate the highest common divisor of 5153947 and 716.
179
What is the greatest common divisor of 74672 and 970018?
718
What is the highest common divisor of 16655 and 414955?
5
What is the highest common divisor of 204087 and 73099?
13
Calculate the greatest common factor of 1699424 and 616032.
736
Calculate the greatest common factor of 5887376 and 416617.
3041
Calculate the greatest common divisor of 21780 and 44346500.
2420
What is the greatest common divisor of 378142395 and 12465?
4155
What is the highest common factor of 15639107 and 176?
11
What is the highest common factor of 33300 and 93300?
300
What is the highest common factor of 930352 and 43360?
16
Calculate the greatest common factor of 840672 and 28822206.
5838
What is the greatest common divisor of 321101 and 8129?
11
Calculate the highest common divisor of 31889193 and 21.
21
What is the greatest common factor of 344 and 2525144?
8
Calculate the highest common divisor of 159160 and 25.
5
Calculate the highest common divisor of 5526 and 7531398.
18
What is the highest common factor of 9 and 4361936787?
9
What is the highest common divisor of 20038236 and 76?
76
Calculate the greatest common divisor of 905 and 8112601.
181
What is the greatest common factor of 4197 and 127702119?
4197
What is the greatest common factor of 7491 and 162756?
33
What is the greatest common divisor of 68866733 and 13?
13
What is the highest common divisor of 12082 and 292370592?
1726
Calculate the greatest common divisor of 2244 and 176324.
68
What is the highest common factor of 184 and 1596076?
4
What is the highest common factor of 208083281 and 952?
119
What is the highest common divisor of 72848 and 12352289?
4553
What is the highest common factor of 822 and 602526?
822
Calculate the greatest common divisor of 16651950 and 1050.
1050
What is the greatest common divisor of 192727886 and 52?
26
What is the highest common divisor of 25250 and 75900?
50
Calculate the highest common divisor of 783216 and 92022.
294
What is the highest common divisor of 3312 and 2514774?
138
What is the greatest common factor of 76334715 and 90?
45
Calculate the highest common factor of 547803 and 7101.
27
What is the highest common divisor of 115 and 1871748740?
115
What is the highest common factor of 45594745 and 735?
245
Calculate the greatest common divisor of 450 and 15723522.
18
What is the highest common factor of 235468 and 48332?
172
Calculate the highest common factor of 6429 and 16893269.
2143
What is the highest common factor of 207407 and 2395?
479
Calculate the highest common divisor of 87 and 182921734.
29
Calculate the highest common divisor of 163 and 231507433.
163
What is the highest common divisor of 21560 and 259270?
110
Calculate the greatest common divisor of 36 and 133993140.
12
Cal